1111100101100
Convert -1222021 (base 7) to base 5.
-20004031
Convert -274494 (base 10) to base 7.
-2222163
What is 1011314133 (base 5) in base 3?
10212112020200
What is -299097 (base 13) in base 4?
-3320322030
What is 131143211 (base 5) in base 13?
198469
What is -114a879 (base 11) in base 10?
-2005540
Convert -28750 (base 11) to base 3.
-2002000022
62353605 (base 7) to base 10
5240310
What is -202002120201202 (base 3) in base 9?
-22076652
Convert -1788100 (base 11) to base 13.
-81c91c
aa208 (base 13) to base 2
1001011001011010110
-2687208 (base 10) to base 13
-731184
Convert -1100100111010101100 (base 2) to base 14.
-aa8d6
-3818c (base 16) to base 10
-229772
What is -b43c (base 14) in base 4?
-13210232
Convert 1ae646 (base 15) to base 9.
2422773
Convert 6546723 (base 10) to base 15.
894b83
-200403203 (base 5) to base 16
-c1e42
Convert -25a8aa (base 11) to base 10.
-409705
What is 1211121100000 (base 3) in base 6?
32532130
-6693aa (base 13) to base 11
-1402926
What is -10000212 (base 3) in base 16?
-8a2
-b0e12 (base 15) to base 5
-120410132
Convert -72104 (base 12) to base 7.
-1156456
What is -26d25 (base 15) in base 7?
-1025600
Convert 252223 (base 7) to base 8.
132524
What is -1191269 (base 11) in base 3?
-10212222001121
What is -68310 (base 13) in base 16?
-2e416
43c24 (base 13) to base 12
5b151
What is 48143 (base 10) in base 2?
1011110000001111
What is -3aa35a8 (base 12) in base 6?
-1053523532
What is 334420301 (base 5) in base 8?
5517520
-11101200012020 (base 3) to base 9
-4350166
What is -20aaf6 (base 16) in base 11?
-123255a
-17d8d2 (base 14) to base 12
-348628
Convert -245680 (base 9) to base 4.
-210101001
What is 1010110001101011 (base 2) in base 7?
242454
Convert -12222210002 (base 3) to base 2.
-11100110010110010
-76145 (base 11) to base 12
-54043
Convert 3141ea (base 16) to base 5.
1311300023
Convert -10232100 (base 4) to base 7.
-110253
Convert -20113243 (base 5) to base 8.
-471300
Convert -504151 (base 6) to base 8.
-115603
What is 4f629 (base 16) in base 13?
b5005
Convert -104050345 (base 6) to base 12.
-7639b5
What is -111011011000000100011 (base 2) in base 10?
-1945635
What is -11155202 (base 6) in base 7?
-2623043
186741 (base 9) to base 2
11100011100100011
-1aa84 (base 11) to base 15
-8a03
Convert -10100110100111011111011 (base 2) to base 11.
-3099a60
Convert bb92b (base 12) to base 4.
330221303
What is 172137 (base 8) in base 10?
62559
Convert -5b52d (base 15) to base 10.
-291418
983d3 (base 16) to base 11
396553
20a912 (base 13) to base 12
30b410
What is 34437 (base 8) in base 13?
686b
What is -47406 (base 10) in base 2?
-1011100100101110
What is 2a3408 (base 14) in base 4?
11212212200
617002 (base 8) to base 3
101101020022
Convert 32262454 (base 7) to base 5.
1201123433
What is -12344312 (base 6) in base 9?
-673408
37162 (base 12) to base 15
17132
Convert -301443320 (base 5) to base 13.
-331715
Convert -101001110022 (base 3) to base 7.
-1452641
What is -4554310 (base 8) in base 15?
-195e7e
Convert 1112122200001 (base 3) to base 11.
50aa99
What is -4128d (base 14) in base 4?
-212103331
Convert 35d2cb (base 15) to base 8.
11646626
What is -29969 (base 16) in base 11?
-106a8a
141980 (base 10) to base 8
425234
93b78 (base 12) to base 15
3c4de
What is 255b6a (base 12) in base 6?
21035414
Convert -339c71 (base 13) to base 2.
-100101010001101001111
Convert 40231411 (base 6) to base 14.
219407
153160 (base 10) to base 6
3141024
Convert -370425 (base 9) to base 14.
-5b5c9
Convert 53a412 (base 13) to base 4.
13133230021
Convert 1031123002 (base 4) to base 7.
2460361
-18514380 (base 9) to base 16
-8e828e
Convert 21782254 (base 9) to base 8.
50232417
-1145521 (base 7) to base 9
-242281
Convert -44522014 (base 6) to base 12.
-55030a
What is e8a632 (base 15) in base 10?
11071397
What is 20011200110211 (base 3) in base 11?
1940a48
What is -101022100121 (base 3) in base 14?
-53d45
-1010110111110101101 (base 2) to base 13
-c6214
21066 (base 14) to base 6
1412454
What is -12e3037 (base 15) in base 2?
-110011111111001110001110
Convert -10220220122 (base 3) to base 14.
-201d0
What is 305a61 (base 16) in base 12?
1089a01
481a25 (base 11) to base 15
10151a
Convert 1001110010011000001100 (base 2) to base 5.
1124100034
-115719 (base 15) to base 7
-10020243
What is -1004233241 (base 5) in base 9?
-3724606
Convert 5a2860 (base 14) to base 10.
3080420
What is -7563371 (base 9) in base 4?
-33132201220
What is 11111202121012 (base 3) in base 5?
1103143120
What is 11011010101010100011 (base 2) in base 14?
194591
Convert -1010021122111 (base 3) to base 16.
-91861
Convert -b634a (base 12) to base 15.
-4ac04
58488 (base 14) to base 6
4335024
Convert 11111001111010011100010 (base 2) to base 4.
133033103202
-2108466 (base 10) to base 5
-1014432331
Convert 130100220 (base 4) to base 6.
2251520
-eb64 (base 16) to base 5
-3412020
What is -1590b2 (base 15) in base 3?
-1221222210012
Convert -50157304 (base 8) to base 14.
-15861a4
What is -381a13 (base 11) in base 16?
-932d4
Convert -315ad9 (base 14) to base 16.
-1972af
What is 58628 (base 12) in base 3?
20000102012
2a526a (base 15) to base 6
111435401
Convert -32030234 (base 5) to base 14.
-6d721
Convert -15c68 (base 14) to base 6.
-1100404
-8a7ed9 (base 15) to base 3
-110102201210020
What is -659c5a (base 13) in base 7?
-26223020
What is -120277 (base 11) in base 12?
-92403
What is -259099 (base 14) in base 3?
-2102200001120
Convert -3bc793 (base 15) to base 8.
-12763435
What is -10182423 (base 9) in base 10?
-4896309
What is -ae5c (base 16) in base 15?
-d35b
233188 (base 9) to base 4
202031201
50d4b (base 15) to base 6
5253425
What is 110221112111 (base 3) in base 13?
8bc9c
What is 506bc (base 13) in base 9?
238441
What is 46743b (base 12) in base 10?
1132463
What is -2120220102 (base 3) in base 11?
-35318
19c93 (base 15) to base 16
1477e
What is -11101111001110110101 (base 2) in base 6?
-33000313
Convert 11012220012 (base 3) to base 6.
1440222
What is -83827 (base 12) in base 3?
-22202021211
What is -4726aa (base 15) in base 2?
-1100111110000111000111
Convert -a083929 (base 11) to base 14.
-2524963
Convert 344640 (base 7) to base 2.
1111000100010111
Convert -52543335 (base 6) to base 8.
-5673453
Convert 3120011013 (base 4) to base 6.
30545303
What is 14b11aa (base 14) in base 11?
5783186
What is -12010112021 (base 3) in base 12?
-4a537
Convert -113700 (base 8) to base 4.
-21133000
4a53031 (base 11) to base 10
8773986
What is -cc70 (base 15) in base 5?
-2341210
363341 (base 10) to base 11
228a90
Convert -9330 (base 10) to base 5.
-244310
Convert 21202211221 (base 3) to base 14.
3da72
What is 44026655 (base 7) in base 5?
1431200322
233121201 (base 4) to base 8
573141
-110110011100110100 (base 2) to base 11
-142623
Convert -133350165 (base 7) to base 5.
-4203312044
76497 (base 11) to base 14
2c691
What is -310425410 (base 6) in base 14?
-9d50bc
4250 (base 16) to base 10
16976
What is 110996 (base 12) in base 4?
1002022002
What is -20b61 (base 16) in base 15?
-29a75
What is 67204 (base 14) in base 12?
100898
What is -6985c (base 14) in base 2?
-111110101101001010
Convert -518a50 (base 11) to base 8.
-3130501
What is -16ca848 (base 13) in base 7?
-120034432
What is 291a27 (base 14) in base 6?
50322243
What is -24a30b (base 12) in base 10?
-598331
What is 464340 (base 8) in base 16?
268e0
Convert 11757 (base 11) to base 14.
621b
What is -1010000100111110001001 (base 2) in base 7?
-31312021
Convert -114af2 (base 16) to base 13.
-308aba
111110001110111000 (base 2) to base 13
8c040
-154254504 (base 6) to base 3
-20012002122211
Convert 8666410 (base 9) to base 16.
46f3a7
What is 110212012021 (base 3) in base 7?
2102626
What is 27b0e9 (base 15) in base 16?
1d26c5
-3060605 (base 9) to base 2
-110001110111110000100
10010100101 (base 2) to base 6
5301
-541314 (base 6) to base 12
-2183a
Convert 30508047 (base 9) to base 16.
df8aab
-1101010010000101 (base 2) to base 8
-152205
Convert -a92977 (base 11) to base 4.
-12222103002
-162632 (base 9) to base 11
-69472
What is 135047 (base 9) in base 7?
462202
What is -221003033 (base 5) in base 14?
-1ab6c6
-5014351 (base 6) to base 7
-2000551
What is 15160056 (base 7) in base 8?
5402342
Convert -2c0874 (base 16) to base 3.
-12102121111120
-1313132010 (base 4) to base 6
-142533